s(h) = -h**2 + 12*h - 2. Let l be s(p). Let m(z) = z**2 - 16*z - 22. List the prime factors of m(l).
2, 7
Suppose -2*o + 22 = -2*s, -5*s - 12 = 8. Suppose -4*p = -3*b + o*b + 108, 5*b + 3*p + 135 = 0. Let u = 82 - b. List the prime factors of u.
109
Let p = 3051 - 1275. Let y = p + -733. List the prime factors of y.
7, 149
Let h be 4 + (-3006)/63 - (-4)/(-14). Let r(a) = a**2 + 29*a - 140. List the prime factors of r(h).
2, 5, 13
Let h(q) = 91*q - 19*q + 27*q - 14 - 8 + 30*q**2 + 12*q + q**3. List the prime factors of h(-25).
2, 41
Suppose 8 = 2*w, -2*o - 4*w + 1300 = -1300. Suppose -5*l = -o - 453. What are the prime factors of l?
349
Let a = 6338 + -999. Suppose 8*k = a + 421. List the prime factors of k.
2, 3, 5
Let y(a) = -2027*a - 690. What are the prime factors of y(-5)?
5, 1889
Let k(g) = 8212*g + 126. List the prime factors of k(7).
2, 5, 7, 823
Suppose 0 = 23*z - 105706 - 20685 - 5284. List the prime factors of z.
5, 229
Let c(j) = 516*j**2 + 13*j - 16. What are the prime factors of c(4)?
2, 3, 691
Let r = 9844 - 4337. What are the prime factors of r?
5507
Let c = -43 + 46. Suppose 0 = -p - 2*p + 348. Suppose c*y + p = 347. List the prime factors of y.
7, 11
Let l(o) = 1750*o**2 - 380*o + 758. What are the prime factors of l(2)?
2, 3499
Let u(a) be the second derivative of 35*a**4/12 + 7*a**3/3 + 7*a**2/2 + 19*a. Let i be u(-6). What are the prime factors of i/21*3 + 2 + -1?
2, 5, 17
Suppose 0 = 2*f + 4*u - 1640, -9*f + 3*u = -10*f + 824. Let z = 780 + f. What are the prime factors of z?
2, 199
Let n be 1 + (-4*3)/3. Let g be (n + 2)*((0 - -4) + -4). Suppose -5*m + 251 + 269 = g. What are the prime factors of m?
2, 13
Suppose -7*n - 1 = -6*n. Let k be (3 - (-2 - -2)/n) + -7. What are the prime factors of k - (-30)/8 - 3876/(-16)?
2, 11
Suppose -3*w = -8*k + 10*k + 178, -k - 94 = -w. Let t(g) = -28*g + 30. Let x be t(-9). Let c = k + x. List the prime factors of c.
2, 5, 19
Let b(a) = -a**3 + 2*a**2 + 10*a. Suppose 4*n = -2*q - 6, -4*q + n + 29 = q. Let r be b(q). What are the prime factors of 201/1 + 29 + r?
5, 41
Suppose 0*g + 10 = 3*f - g, -5*f - 5*g = -50. Let j(v) = -v - f*v + 19*v + 384 - 420. What are the prime factors of j(13)?
7, 19
Let k(g) = -g**2 - 14*g - 40. Let o be k(-9). Let u be -35*(69/15 - o). Suppose -364 = -u*n + 588. What are the prime factors of n?
2, 17
Suppose -m + 3*m - 2*q = 12, -3*m + 2*q + 17 = 0. Suppose 0 = -4*w, -3*w + m*w - 790 = -5*t. List the prime factors of t.
2, 79
List the prime factors of (3 + -8183)*((-3)/15)/((-25)/(-125)).
2, 5, 409
Suppose -21*h = 3*q - 16*h - 832, 0 = 2*q + 5*h - 553. List the prime factors of q.
3, 31
Let t(g) be the third derivative of g**6/120 - 11*g**5/30 + 11*g**4/12 - 7*g**3/6 + 9*g**2. Suppose 29*h + 63 = 32*h. List the prime factors of t(h).
2, 7
Let w be ((-38)/4 - -10)*(-8)/1. List the prime factors of (-9581)/(-33) + 2 + w/3.
3, 97
Let c be (90/8)/((-9)/(-24)). Let q be 2/((-2)/(-2 - -4)). Let l = c + q. What are the prime factors of l?
2, 7
Suppose 10*s - 64 = -44. Suppose -765 = -s*d + 139. What are the prime factors of d?
2, 113
Let h = 19 + -13. Let g = 29 - h. Suppose -g*f = -25*f + 6. What are the prime factors of f?
3
Suppose -1080*s = -943*s - 5001322. What are the prime factors of s?
2, 18253
Suppose 5*n - 53655 = 163005. List the prime factors of n.
2, 3, 23, 157
Let l(i) be the first derivative of -i**4/4 - 23*i**3/3 + 17*i**2 - 75*i - 62. List the prime factors of l(-25).
5, 13
Suppose 0 = 4*n + 3*z + 6, 4*n = -n - 5*z - 5. Let v be 6/n*-1*85. Suppose -3*b + 78 + 139 = 4*x, -3*x = -5*b - v. List the prime factors of x.
5, 11
Let b = 78 + -46. Let p(q) = 17 - b + 21 - 24*q. List the prime factors of p(-4).
2, 3, 17
Let f(q) = 66*q**2 + 3*q - 2. Let p be f(2). Suppose 6*n + 80 = -p. Let s = n + 168. List the prime factors of s.
2, 5, 11
Suppose 33*p + 230040 = 27*p + 30*p. What are the prime factors of p?
3, 5, 71
Let l = 4591 - 1172. Suppose -10*y + 9569 = l. What are the prime factors of y?
3, 5, 41
Suppose a = -124 + 128. Suppose 0 = u - 0*u - a*d - 297, -2*u + 606 = 4*d. What are the prime factors of u?
7, 43
Suppose 199358 - 18028 = 10*c. List the prime factors of c.
18133
Let m(t) = 235*t + 68. Let x be m(-6). Let u = x - -2825. What are the prime factors of u?
1483
Suppose 220383 = 70*k - 23*k. List the prime factors of k.
3, 521
Suppose -116*u + 13482 = -113*u. What are the prime factors of u?
2, 3, 7, 107
Let a = 1975 - 1005. Let d = -593 + a. What are the prime factors of d?
13, 29
Let r = 146 + 2. Let l be ((-221)/26 + 8)*0. Suppose -4*b = -5*y + b + 400, -2*y - 4*b + r = l. List the prime factors of y.
2, 3, 13
Suppose 54462 - 115128 = -7*b + 119955. What are the prime factors of b?
3, 47, 61
Suppose -3*g = 5*u - 2*u + 21, -5*u = -4*g + 44. Let h(x) = 10 + 20 - 1 - 5*x. What are the prime factors of h(u)?
3, 23
List the prime factors of (3744/(-80))/((-24)/(-2670)*(-1)/4).
2, 3, 13, 89
Let x(j) = -670*j - 15044. What are the prime factors of x(-40)?
2, 2939
What are the prime factors of 6422 + ((-656)/(-66) - (-4)/66)?
2, 3, 67
Let f(n) = -193*n + 51. Let o be f(3). Let k = 1047 + o. List the prime factors of k.
3, 173
Let k(y) = 148*y**2 + 10*y + 52. What are the prime factors of k(7)?
2, 3, 1229
Let u be -794*1/(-8)*4. Let y = -294 + u. What are the prime factors of y?
103
List the prime factors of (62851 - (8 + -20)) + (11 - 2).
2, 29, 271
Let l be (-4)/40 + (-102)/(-20). What are the prime factors of 26027/85 - 1/l?
2, 3, 17
Suppose -498 + 1674 = -12*r. Let n = 203 + r. List the prime factors of n.
3, 5, 7
Suppose 4*h = 13*h - 7065. Suppose 0 = -11*a + h + 832. What are the prime factors of a?
3, 7
Suppose 3712*w = 3745*w - 285252. What are the prime factors of w?
2, 2161
Let z be (-1 - -33) + -2 + 12/2. Suppose 0 = 4*t + z - 48. List the prime factors of t.
3
Let r be (-2)/((6/(-85))/(-3)). Suppose -10*i + 9*i = -1, -3*i - 761 = 4*z. Let y = r - z. List the prime factors of y.
2, 53
Let w(s) = -s**2 - 28*s - 76. Let a be w(-25). Let x(f) = 412*f**2 - f - 2. What are the prime factors of x(a)?
3, 137
Let x(m) = -m**2 + 15*m - 9. Let l be x(11). What are the prime factors of 7231/l - (-4)/10?
3, 23
Let r(i) = -12*i - 134. Let h(y) = -11 + 4*y + 24 + 32. Let b(p) = -11*h(p) - 4*r(p). What are the prime factors of b(13)?
3, 31
Let d(o) = 2*o + 2. Let a(n) = -2*n - 1. Let i(b) = 7*a(b) + 6*d(b). Let h be i(2). Suppose -304 = -4*q - 2*u + 6*u, u - h = 0. What are the prime factors of q?
7, 11
Let l(c) = c**2 + 3*c - 2. Let b be l(1). Suppose -4*m + q + 1793 = 0, -b*m + 1805 = 2*m + 3*q. What are the prime factors of m?
449
Let z(d) = 34155*d**2 - 32*d + 25. List the prime factors of z(1).
2, 8537
Let o be (-1)/((12/(-4))/(-117)*-1). Suppose 12*n + o = 4491. What are the prime factors of n?
7, 53
Suppose -19 = -2*v - 4*j + 1, 3*v - 22 = -4*j. Let y be 10 - (0/1 - v). Suppose 0 = -3*q - y, 0*q - 80 = -i - 3*q. What are the prime factors of i?
2, 23
Let j be -305*((-96)/20)/6. Suppose 3*l - j = -5*h, -11*l = -4*h - 10*l + 202. List the prime factors of h.
2, 5
Let j(l) = l**2 + 24*l + 2. Let f be j(-24). Suppose 162 = 2*b - 4*d, 13 + f = -3*d. Suppose -4*t + h = -b, -t + 20 - 5 = -3*h. What are the prime factors of t?
2, 3
Let i = 2575 - 1798. What are the prime factors of i?
3, 7, 37
Suppose -3*o - 67*y = -59*y - 166886, 2*o = -3*y + 111269. List the prime factors of o.
2, 43, 647
Suppose 10719 = -162*y + 56727. Suppose -j + 5*d + 1612 = 3*j, -4*j + 4*d + 1612 = 0. Let x = j - y. List the prime factors of x.
7, 17
Let u(j) be the third derivative of 7*j**5/60 + 13*j**4/24 + 29*j**3/6 - 80*j**2. What are the prime factors of u(-7)?
281
Suppose -40*f + 2567948 = 76*f - 42*f. What are the prime factors of f?
2, 17351
Let j = -586 - -410. Let k = -79 - j. Suppose -2*s = -s - k. List the prime factors of s.
97
Suppose -50697 + 12562 = -29*y. List the prime factors of y.
5, 263
List the prime factors of (-1405)/((-6)/(2988/10)).
3, 83, 281
Let i = -2870 - -4045. Let s = 2193 - i. What are the prime factors of s?
2, 509
Let b(h) = 344*h + 486. What are the prime factors of b(10)?
2, 13, 151
Let d = 452 + -438. List the prime factors of (-3273)/(-2) + 21/d.
2, 3, 7, 13
Suppose 0 = -2*j - j - 3*p + 144, 3*j - 144 = -2*p. What are the prime factors o